greatest common factor of 36468 and 1152.
36
Calculate the highest common factor of 4526 and 3941562.
146
Calculate the highest common factor of 1381248 and 285471.
981
What is the highest common factor of 159112386 and 1044?
522
Calculate the highest common divisor of 784188 and 1926.
18
Calculate the greatest common factor of 258637750 and 5250.
1750
Calculate the greatest common factor of 89553150 and 8496.
1062
Calculate the greatest common divisor of 1310 and 25094360.
1310
What is the greatest common factor of 327 and 52964517?
327
What is the highest common factor of 676 and 2228603?
169
Calculate the greatest common factor of 56955768 and 165908.
4484
Calculate the highest common divisor of 2790913 and 3155.
631
Calculate the greatest common factor of 1845 and 912660.
615
What is the highest common factor of 79449 and 4314864?
1119
Calculate the highest common divisor of 986 and 18967682.
986
Calculate the greatest common factor of 183 and 11468305.
61
Calculate the highest common divisor of 149283458 and 24962.
3566
Calculate the greatest common divisor of 155 and 52982255.
155
Calculate the greatest common divisor of 3895 and 37295404.
779
Calculate the greatest common factor of 708 and 2576235.
177
What is the highest common divisor of 746198 and 18020?
34
What is the highest common divisor of 672598 and 382762?
194
Calculate the highest common factor of 144112493 and 42.
7
What is the highest common divisor of 756027 and 17037?
27
What is the highest common factor of 18211561 and 71461?
5497
Calculate the highest common factor of 581 and 13829543.
581
Calculate the highest common divisor of 140 and 922224940.
140
What is the highest common factor of 379063 and 667?
23
What is the greatest common divisor of 176 and 5475580?
44
What is the highest common factor of 18981714 and 78?
6
Calculate the highest common divisor of 2836 and 7564.
4
What is the highest common divisor of 94061 and 799?
17
Calculate the greatest common divisor of 1187767 and 21.
7
What is the highest common divisor of 76 and 6009396228?
76
What is the highest common divisor of 71049 and 34573?
11
What is the greatest common factor of 61110903 and 714?
357
Calculate the greatest common factor of 1125 and 3875880.
15
What is the highest common factor of 6 and 63090201?
3
What is the highest common divisor of 6936 and 88224?
24
Calculate the highest common factor of 5254 and 1223241534.
5254
Calculate the greatest common divisor of 4332 and 29940618.
2166
Calculate the greatest common divisor of 3034460 and 9698.
26
Calculate the highest common divisor of 3157 and 8239.
77
What is the highest common divisor of 12909 and 51466197?
993
What is the highest common divisor of 165791912 and 3289?
3289
What is the highest common divisor of 30421840 and 408?
136
Calculate the greatest common factor of 98 and 8031590.
98
Calculate the greatest common divisor of 6 and 4967202.
6
What is the highest common factor of 4828 and 5321876?
284
Calculate the greatest common factor of 1387315 and 370.
185
Calculate the greatest common divisor of 5580 and 2191824.
1116
Calculate the greatest common divisor of 9019984 and 342.
38
What is the greatest common factor of 324 and 6909324?
12
What is the greatest common divisor of 130216044 and 456?
228
Calculate the highest common factor of 522 and 53766000.
522
What is the highest common divisor of 46015 and 11625?
5
Calculate the highest common factor of 82712743 and 1497.
499
What is the highest common factor of 256769 and 190953?
433
Calculate the greatest common divisor of 136893999 and 23.
23
Calculate the highest common factor of 90954381 and 105.
21
Calculate the greatest common factor of 112697442 and 6435.
1287
What is the highest common divisor of 54261 and 516987?
9
What is the highest common factor of 6555 and 44887950?
345
What is the highest common factor of 26042604 and 7812?
2604
What is the greatest common divisor of 109322287 and 397?
397
What is the highest common divisor of 219413205 and 165?
165
Calculate the highest common divisor of 9367100 and 16450.
2350
Calculate the highest common factor of 351 and 47569167.
27
Calculate the greatest common factor of 73461304 and 28.
28
What is the greatest common factor of 1106 and 1448461?
7
What is the highest common factor of 23148 and 230424?
12
What is the greatest common factor of 6 and 567889191?
3
What is the greatest common divisor of 51207 and 7389018?
507
Calculate the highest common factor of 55192302 and 323.
323
What is the greatest common factor of 48 and 1415773752?
24
What is the highest common factor of 33643 and 656387?
17
Calculate the greatest common factor of 528608 and 64.
32
Calculate the highest common factor of 5 and 62876035.
5
Calculate the highest common factor of 6092338 and 42.
14
What is the greatest common divisor of 3492996 and 1313?
13
What is the highest common divisor of 277315 and 4958?
37
Calculate the highest common divisor of 496 and 1023341.
31
Calculate the greatest common factor of 170577935 and 20.
5
Calculate the greatest common divisor of 314869 and 22085.
631
Calculate the highest common factor of 10 and 6110915.
5
Calculate the greatest common divisor of 2877305 and 1545.
515
Calculate the greatest common factor of 115261 and 2918.
1459
Calculate the greatest common factor of 161 and 65268641.
23
Calculate the greatest common divisor of 45894100 and 525.
175
What is the highest common factor of 1800 and 276975?
225
Calculate the highest common factor of 30160000 and 22500.
2500
What is the highest common divisor of 1168 and 379888?
16
Calculate the highest common factor of 247 and 94965.
13
What is the highest common divisor of 85722 and 138684?
546
What is the highest common factor of 109745 and 9982125?
2335
What is the highest common divisor of 526475 and 50?
25
Calculate the greatest common divisor of 45930 and 458831514.
9186
Calculate the highest common divisor of 35887356 and 576.
36
Calculate the highest common factor of 4464112 and 528.
16
Calculate the greatest common factor of 4218681 and 14862279.
14907
What is the highest common divisor of 2945 and 139469899?
589
What is the greatest common divisor of 1128561 and 102480?
1281
What is the highest common factor of 297 and 14970791?
11
What is the highest common factor of 23601664 and 31?
31
What is the greatest common factor of 28400 and 28466740?
1420
Calculate the highest common factor of 158070 and 91575.
165
Calculate the greatest common divisor of 936 and 6686368.
104
What is the highest common divisor of 115488196 and 172?
172
What is the greatest common factor of 306291748 and 98?
98
What is the greatest common divisor of 603306 and 883179?
1089
What is the greatest common divisor of 210828465 and 1278?
639
Calculate the greatest common divisor of 6237 and 46928343.
231
Calculate the greatest common factor of 45060 and 52986054.
4506
What is the greatest common divisor of 838651 and 94424?
319
What is the highest common factor of 12416927 and 26185?
5237
Calculate the greatest common divisor of 873 and 104954.
97
What is the highest common divisor of 3376701 and 513?
27
What is the highest common divisor of 14063 and 648333?
287
Calculate the highest common factor of 263504 and 64.
16
What is the greatest common divisor of 72927 and 10004139?
657
What is the greatest common divisor of 23108202 and 459?
153
Calculate the highest common factor of 8640 and 116416.
64
Calculate the greatest common factor of 1941068 and 388.
4
What is the greatest common divisor of 25850 and 3304400?
550
Calculate the highest common factor of 854358 and 93972.
246
What is the greatest common divisor of 12211084 and 1096?
548
What is the highest common factor of 4925196 and 4596?
12
What is the highest common factor of 551 and 3017537?
29
What is the highest common factor of 31195 and 8448340?
1835
Calculate the greatest common divisor of 573644 and 1390556.
244
What is the highest common divisor of 34156 and 5524?
4
Calculate the greatest common divisor of 2040136 and 1496.
136
What is the highest common factor of 8071 and 17108214?
1153
What is the greatest common divisor of 116748814 and 182?
182
Calculate the highest common factor of 16705369 and 4384.
137
Calculate the highest